(h).
1
Let f(s) be the third derivative of s**5/15 - 2*s**4/3 - 7*s**3/3 + 73*s**2 + 1. What is f(5)?
6
Let w(h) = h**2 - 74*h + 1. Let d be w(74). Let c(k) = -82*k**3 + 2*k**2 - 1. Calculate c(d).
-81
Let i(s) = 5*s + 196. Let k(c) = -5*c - 1. Let j(b) = -i(b) - 8*k(b). Determine j(5).
-13
Let h(f) be the third derivative of -f**6/360 + f**5/24 + f**4/12 - 5*f**3/6 - 5*f**2. Let w(z) be the first derivative of h(z). Let i = 1845 - 1839. Give w(i).
-4
Suppose 4*g = -4*u + 100, -5*g + 10*g - 53 = -2*u. Let n be -2*3*(-12)/u. Let b(s) = -3 + 1 + n*s + 2*s - 6*s. Give b(5).
-7
Let n(w) = w**2 - 4*w - 1. Suppose l + 2*g = -4*l + 163, -144 = -4*l - 5*g. Suppose 4*c - 43 + l = 0. What is n(c)?
-4
Let j(h) = -4*h**2 - 60*h - 10. Let c(z) = z**2 + 10*z + 1. Let k(o) = 6*c(o) + j(o). Suppose 2*u - 11 = 13. Suppose 2*w - u = -2*w. What is k(w)?
14
Suppose -r + 2 + 1 = 0. Let g(i) be the first derivative of -13*i**2 - 48 + 16 + 5*i**2 - r. Calculate g(1).
-16
Let o(v) = -2*v**2 + 35*v - 134. Let f = -10120 + 10126. Calculate o(f).
4
Let n = -35 - -44. Let d be (-45)/n*6/(-10). Let q(v) = -v**2 - 3*v - v**3 + 3*v**2 - 2 + 7*v. Give q(d).
1
Let i be -12 + -5 + 4 + 3969/294. Let g(p) be the second derivative of 0 - i*p**3 + 3/2*p**2 + 27*p. Give g(2).
-3
Let m(d) = 13*d**2 - d**3 - d + 9 - 2*d - 2 + 2*d. Give m(13).
-6
Let t be (0 + -1*1)/(100/(-1200)). Let w be -2*((-18)/24 + (-39)/t). Let m(i) = -i**3 + 7*i**2 + 10*i - 13. Determine m(w).
3
Let f(h) = h**3 - 6*h**2 - 6*h - 5. Let q(y) = 14*y**2 + 103*y + 88. Let l(a) = -9*a**2 - 68*a - 59. Let x(z) = 8*l(z) + 5*q(z). Let u be x(-13). Give f(u).
2
Let d(f) = -2*f**3 + 4*f**2 - 2*f - 4. Let c = -3221 - -3223. What is d(c)?
-8
Let s(w) = -234*w - 76 + 185*w - 212 + 97*w. What is s(6)?
0
Let q(i) = i**2 - 9*i - 6. Let m = 26 - 22. Let c(r) = -8*r - 5. Let k(f) = m*c(f) - 3*q(f). Let a = -117 + 114. Determine k(a).
-14
Let s(x) = x - 9. Let g(p) be the third derivative of -p**4/8 + 13*p**3/3 - p**2. Let a(t) = 6*g(t) + 17*s(t). Let w be (48/(-30))/(6/(-15)). Determine a(w).
-1
Let s(l) = 3*l**2 - l - 7. Let y(o) be the first derivative of o**3/3 - 2*o**2 - 9*o - 86. Let c be y(-2). What is s(c)?
17
Let f(t) = 4*t**3 - 16*t**2 - 21. Let q(w) = -w**3 + 4*w**2 + 5. Let s(l) = -2*f(l) - 9*q(l). Let k = 200 + -429. Let d = k + 234. Determine s(d).
22
Let f be 51/(-34) + 28/8. Let a(t) = 6*t**2 - t + 1. Give a(f).
23
Suppose -30*u - 986 = 128*u + 2016. Let w(m) = 5*m + 14. Give w(u).
-81
Let c be (8/6)/(2/6). Let p = -160 + 162. Let v(z) = -z**2 + 3 - 3*z - 9 + 0*z**p + 9. Determine v(c).
-25
Let x(j) = -7*j + 79. Suppose 504 = 61*z + 47 - 458. Calculate x(z).
-26
Let r = -6 - 0. Let d(k) be the second derivative of -k**5/20 - 7*k**4/12 - 5*k**3/6 + k**2 + k. Let x be d(r). Let p(g) = -g**3 - 4*g**2 - 4*g - 4. Give p(x).
12
Suppose 13 = -2*y + 15. Let x(f) = f + 1. Let u be x(y). Let j(k) = -1 - 4 + 0 + 2*k - k**u. Determine j(4).
-13
Let l(q) = q - 54 + 91 - 36. Calculate l(-4).
-3
Let t = 36 + -32. Let h(r) = 161*r - 4 - 164*r - t. Calculate h(-6).
10
Suppose 0*a - 400 = 10*a. Let l = a - -43. Let j(i) = 5*i**2 + i**l - 2 + 7*i + i - 2*i**2 - 9*i. What is j(-3)?
1
Let w(c) = -c**3 - 7*c**2 + 7*c + 3. Let t be w(-8). Let v = t - 9. Let j(p) = -p - p + p**v - 2*p - 4 + 6*p. Determine j(4).
20
Let r(b) = b**3 - 10*b**2 + 11*b - 33. Let p(y) = -1088*y + 2185. Let t be p(2). What is r(t)?
-15
Suppose -3*z = -z + 6. Let g(w) = -9*w**2 - 15*w + 26. Let i(l) = 4*l**2 + 7*l - 11. Let h(x) = 3*g(x) + 7*i(x). What is h(z)?
-2
Let v(n) = 2*n. Let b(u) be the second derivative of u**4/6 + u**3/2 - 14*u. Let k be b(-2). Let i be (3 + 1)*1/k. Give v(i).
4
Let u(a) = -8*a + 82. Let q be u(5). Let t(o) = q*o**2 - 41*o**2 + 16 - 4*o - 13*o + 5*o. Calculate t(12).
16
Let a(m) be the first derivative of -m**5/60 - m**4/12 + 7*m**3/6 + 17*m**2 - 2*m + 6. Let i(p) be the second derivative of a(p). What is i(-6)?
-17
Let a(s) be the second derivative of 22*s + 0 - 1/3*s**3 + 1/24*s**4 - 25/2*s**2. Let u(b) be the first derivative of a(b). Give u(-3).
-5
Let c(m) be the first derivative of -5*m**2 + 122*m - 12040. Calculate c(13).
-8
Let d(j) = -j - 7. Let b be (-2)/3*(-45)/10. Suppose -5*n + b*n = -6. Suppose 4*h + n*z = -19, -9 = h + h + z. What is d(h)?
-3
Let y(i) be the third derivative of i**6/360 - 13*i**5/120 - 17*i**4/6 + i**2 - 6. Let k(a) be the second derivative of y(a). Give k(11).
9
Let y(x) be the first derivative of -x**3/3 - 9*x**2/2 - 16*x + 6359. Calculate y(-7).
-2
Let q(o) = 176 + 2*o + 173 + 9*o - 15*o - 348. Give q(-12).
49
Let n(z) = 31*z**3 - 40*z**2 + 61*z - 11. Let k(c) = 22*c**3 - 27*c**2 + 41*c - 8. Let x(p) = -7*k(p) + 5*n(p). Give x(9).
1
Let z(w) = -w**3 - 11*w**2 - 8*w + 21. Let m(n) = 1. Let t(s) = 7*s**2 - 48*s + 29. Let v(u) = -3*m(u) + t(u). Let f be v(6). Calculate z(f).
1
Let f be (2/6)/((-5)/(-30)). Let v(m) = -1325 - m**3 + 662 - 4*m + 5*m**f + 660. Give v(4).
-3
Let y(u) be the first derivative of -u**7/840 - u**6/72 - u**5/20 - u**4/24 + 5*u**3/3 + 61. Let d(l) be the third derivative of y(l). Give d(-4).
7
Let v(o) be the third derivative of -1/60*o**5 - 1/2*o**4 + 54*o**2 + 1/6*o**3 + 0 + 2*o. Calculate v(-10).
21
Let n(s) be the first derivative of 3/4*s**4 + 0*s**2 - 88 + 0*s**3 - s. Calculate n(-1).
-4
Let l(s) = 5*s**2 - 10*s - 8. Let w(y) = 11*y**2 + 5*y + 5. Let k(n) = -5*n**2 - 2*n - 2. Let q(i) = -7*k(i) - 3*w(i). Let b(g) = l(g) - 2*q(g). What is b(9)?
3
Let a = -4 + 5. Let f(h) = a + 5 + 2*h - 3*h. Let o be -5 + 3/3 - 6/6. Give f(o).
11
Let u be (16/30 - (-5)/(-25))*3. Let s(r) be the first derivative of 0 + 51*r**3 + r**2 - r + 3 - 48*r**3. What is s(u)?
10
Let n be (-24)/(-18)*(-27)/(-2). Let z be 18/(-108) + 129/n. Let d(s) = s**2 - 4*s + 1. Calculate d(z).
22
Let l = 293/750 + -28/125. Let b(a) be the third derivative of -1/24*a**4 - l*a**3 + 0*a - 1/12*a**5 + 0 - 9*a**2. Determine b(-1).
-5
Let r(b) = -3*b**2 + 3*b + 4. Let m be (10/2)/(80/(-704)*11). What is r(m)?
-56
Let p(a) = -a**2 + 3*a + 6. Suppose 0*d - 150 = 6*d. Let s = -14 + d. Let r be ((-8)/(-3) - 1)/((-13)/s). Calculate p(r).
-4
Let n(f) = 8*f + 133. Let y be n(-16). Let x(q) = -y - 16322*q + 16324*q - 5. Calculate x(0).
-10
Let l = 40 - 33. Suppose r - l*r + 18 = 0. Let c(g) = -2 + g**2 + 27*g**3 - g - 20*g**3 + r. What is c(1)?
8
Let v(g) = 1828 - 1828 + g - 2*g. Let s(t) = -5*t**2 - 3*t + 2. Let h(k) = s(k) - 4*v(k). Let y(w) = 2*w - 4. Let a be y(3). Determine h(a).
-16
Let y = -6 - -9. Let m(t) = 14*t**2 - 74*t - 15. Let g(f) = -16*f**2 + 86*f + 17. Let a(v) = 6*g(v) + 7*m(v). Give a(y).
9
Let o(d) = d**3 + 29*d**2 + 53*d - 31. Let l be o(-27). Let t(h) = 9*h**3 + 5*h**2 + 5 + 4*h - 4*h**3 - 3*h**3 - h**3. Calculate t(l).
5
Let x(k) = -3*k + 90 + 8 + 5*k - 22 - 29 - 49. Let d be 6/4*8/3. What is x(d)?
6
Let a(o) = -2*o**2 - 10*o - 8. Let t be a(-3). Let u(i) = -5*i + 4 + 1 - 6 + 0*i. Determine u(t).
-21
Let p(m) be the second derivative of 19*m**3/6 - 5*m**2/2 + 194*m - 13. Calculate p(-1).
-24
Let k(s) = 63*s - 205. Let x(t) = 89*t - 308. Let j(n) = 7*k(n) - 5*x(n). Determine j(25).
5
Let f(k) = k**2 + 4*k - 1. Let q(l) = -5*l**2 + 3*l - 3. Suppose -d - 4 + 20 = 3*i, -5*d - 2*i = -15. Let m be q(d). What is f(m)?
4
Suppose w = -2*o - 5, o - 15*w + 14*w - 5 = 0. Suppose -4 = -2*j - 0*j. Suppose j*b - 4 + 16 = o. Let n(r) = -r**2 - 8*r - 4. Determine n(b).
8
Let w(b) = 52*b + 2505. Let d be w(-48). Let z(p) = -3*p + 5*p - 3*p + 9*p**2 + 9 - p**3. What is z(d)?
0
Let k(a) = -a**2 + 12*a - 9. Let n be (-74)/(-9) + 19*20/(-1710). Calculate k(n).
23
Let s(v) = -2*v**2 + 16*v - 23. Suppose n = 334 - 162 - 165. Determine s(n).
-9
Let p(w) = -4*w - 9. Let f(m) = 6*m - 91324 + 91341 + 3*m. Let j(s) = -2*f(s) - 5*p(s). Determine j(-8).
-5
Let d(q) be the second derivative of -q**4/12 - q**3/2 - 15*q**2/2 + 12*q + 6. Determine d(-9).
-69
Let s(b) be the first derivative of -7*b**2/2 + 2*b + 75122. Let f = -1 - -2. Calculate s(f).
-5
Let b(i) = 24*i + 73. Let s be ((-25)/(-50))/(0 - -1)*-6. Calculate b(s).
1
Let p(t) = -71*t**3 + 2*t**2 - 3*t + 2. Suppose -6 = -6*r + 9 - 9. Give p(r).
-70
Let c(z) = -z**3 - 7*z**2 - 7*z - 9. Let p = 160 + -148. Suppose -p*i - 90 = 3*i. Determine c(i).
-3
Let r(s) = -6*s - 37. Let a = 